= a**2 + 5*a + 3. Let g = -14 + 21. Let c = 4 - g. Give s(c).
-3
Let p(o) = -o**2 - 10*o - 16. Let n be p(-7). Let w(b) = b**2 - 4*b - 5. Calculate w(n).
0
Let q(m) = m**2 - 10*m + 2. Let c(d) = d**2 - 11*d + 2. Let i be 2*14*(-1)/(-4). Let o = i - 0. Let x(z) = o*q(z) - 6*c(z). Calculate x(5).
7
Let j(w) = 10 + w**3 + 6*w + 33*w**2 - 14*w**2 - 11*w**2 + 0*w**3. Calculate j(-7).
17
Let w(n) = 1 - 41*n**2 - n**3 + 3*n + 40*n**2 + n. Give w(-3).
7
Let a = -6 + 11. Let m(y) be the first derivative of y**2/2 - 2*y + 73. What is m(a)?
3
Suppose 2*d + 6 = -5*x, -5*d + 0*x + 6 = 2*x. Let q(n) = 3*n + n - 1 - n**d - 3 + 3 - n**3. Calculate q(-3).
5
Let g(w) be the third derivative of -w**5/60 + w**4/4 - 2*w**3/3 - w**2. Let i = -46 - -51. Calculate g(i).
1
Let t(w) = -2*w - 19. Let b be t(-6). Let d(a) = a**2 + 7*a + 2. Calculate d(b).
2
Let u(r) = 2*r - 4 + 7 - 4. Determine u(4).
7
Let b(n) = 6*n - 12*n + 2*n**2 + 5 - n**2. Calculate b(6).
5
Let z(f) = -f. Suppose 5*w + 10*j = 5*j + 20, 3*j = 3*w - 24. Let k be w/4 + 7/(-2). Determine z(k).
2
Suppose 0 = -k - 2*k. Suppose -3*r + 2*r + 3 = k. Let q(n) = n**3 - 3*n**2 + 4*n - 3. What is q(r)?
9
Let z(d) = -2*d - 3. Let p be z(-2). Let t(h) = -h + 4 + 2 - 6 - p. Let f = 0 + -5. What is t(f)?
4
Let m(x) = x. Let a be (0 - -3 - 1) + -7. What is m(a)?
-5
Let i(r) be the second derivative of -r**4/12 - r**2/2 + 10*r. What is i(-2)?
-5
Let f(d) = 5*d**2 + 4*d - 8. Let k(g) = -11*g**2 - 9*g + 17. Let z(v) = -13*f(v) - 6*k(v). Let i = -8 - -6. Determine z(i).
2
Let z be 9/4*(-8)/(-3). Let o(y) = -y + z + y - y. Suppose 3*u - 7*u = 4*b, -5*b = -2*u - 21. Calculate o(b).
3
Let b(h) = -h**3 + h**2 + h + 2. Let d be b(2). Let q(a) = -a**3 - a + 5. Calculate q(d).
5
Let h = 1 + 1. Suppose 17 = -5*c - 4*p, -h*p = -4*c - 0*p + 2. Let w(n) = -2*n + n + 2*n. Give w(c).
-1
Suppose -3 = 2*f - 11. Let o(x) = 2 - 5*x - x**2 - 2 - f. Suppose -y + 0 - 3 = p, -3*y - 2*p = 10. Calculate o(y).
0
Let k be 0 + 2 + 0 + -2. Let a(m) = -m**3 - m - 10. What is a(k)?
-10
Let f(g) = -2*g + 1. Let l(p) = p - 10. Let m be l(7). Give f(m).
7
Let o(n) be the third derivative of 1/8*n**4 + 0*n - 5*n**2 + 0 - 1/6*n**3. What is o(2)?
5
Let z(q) = q**3 - 3*q**2 - 3*q - 1. Suppose -4*j + 65 = 13. Suppose -5*w + 1 = -s - 6, 5*s - j = w. Suppose -16 = -w*t - 2*t. Determine z(t).
3
Let n(p) be the second derivative of -p**4/8 + p**3/3 + 3*p**2/2 - 2*p. Let b(j) be the first derivative of n(j). Determine b(2).
-4
Let v(l) be the second derivative of l**5/20 + l**4/2 - 4*l**3/3 - 3*l**2 - 14*l. What is v(-7)?
1
Let q = 0 - -2. Let j = 5 - 5. Let i = j - q. Let p(m) = -2*m**2 - 2*m. What is p(i)?
-4
Suppose 44 = -2*m - m - z, -5*m - z = 72. Let w = -9 - m. Let g(q) = 4 - 4 - 3 - q**3 - w*q**2. Calculate g(-5).
-3
Let y(p) be the first derivative of -3*p**2/2 - 3*p + 59. What is y(-5)?
12
Let w(q) = -q + 1. Let h = 71 - 51. Suppose f = 5*f + h. Determine w(f).
6
Let k(x) = -8 + 16 - 6 + 3*x - 7. Determine k(4).
7
Let s(n) be the second derivative of n**3/6 + 6*n**2 - 2*n - 49. Determine s(-10).
2
Suppose 8 = -3*t + 2. Let q(u) = 2*u**3 - 2*u**2 - u - 2. Let o(m) = 3*m**3 - 2*m**2 - 2. Let d(n) = -3*o(n) + 4*q(n). Determine d(t).
6
Let s be (-2)/4 - 11/(-2). Let c = -4 + 5. Let g(i) = i - 2*i - c - 4*i + 4*i. Determine g(s).
-6
Let i = 33 - 21. Suppose -4*x + i = -2*x. Let p(o) = o**2 + 11*o + 6. Let b(f) = -f**2 - 12*f - 6. Let w(l) = x*b(l) + 7*p(l). Calculate w(-5).
6
Let k(o) = o**3 + 2*o**2 + 2*o + 1. Suppose 4*t - y - 1 = 3*t, -y = 3. Determine k(t).
-3
Let v(d) = d - 1. Let s = 1 + 3. Let x be 4/6*18/s. Suppose 0 = -x*r + 9, -c + 4*r = -3*c + 2. Give v(c).
-6
Let y(w) = 2*w**2 - 8*w + 4. Let g(a) = -a**2 + a + 1. Let u(r) = -g(r) - y(r). Let v be u(5). Let n(q) = -q**2 + v + 4*q**3 + 1 - 5*q**3. Determine n(0).
6
Let y(p) = 2*p + 2. Let c(n) = 4*n + 4. Let j(b) = -4*c(b) + 9*y(b). Calculate j(6).
14
Let g(v) = 3*v**3 - 5*v**3 + 0*v - 2*v + 4*v**2. Suppose -4*d + 8 = -0*d. Determine g(d).
-4
Let k(w) = -w + 8. Let f be k(8). Suppose 2 = l - f*l. Suppose l*m + 0*m = -2. Let y(x) = -x. Determine y(m).
1
Let r(t) be the first derivative of t**6/180 + t**5/20 + t**4/8 - 2*t**3/3 - 1. Let b(m) be the third derivative of r(m). What is b(-4)?
11
Let d(g) = -7*g**3 + 6*g**2. Let w(i) = -3*i**3 + 3*i**2. Let q(s) = -2*d(s) + 5*w(s). Let f(c) = c**2 + 7*c + 9. Let h be f(-6). Give q(h).
0
Suppose 9 = -d - 3*s, 0 = -2*d - 2*s - 5 + 3. Suppose -d*f + 8*f = 35. Let b(m) = -f*m + 4 - m**3 + 0 - 2*m**2 + 8*m**2. Calculate b(5).
-6
Let i(v) = 4*v. Let u be i(-1). Let o(p) be the second derivative of p**3/6 + 3*p. Let l(h) = h - 1. Let j(t) = 3*l(t) - 2*o(t). Give j(u).
-7
Let g(o) = 18*o - 9. Let q(c) = 9*c - 4. Let s(u) = -3*g(u) + 7*q(u). Determine s(2).
17
Let k(o) be the second derivative of -o**3/2 + 3*o**2 + o. Let b be k(4). Let q(l) = l. Give q(b).
-6
Let p(l) = l**3 - 5*l**2 - 4*l + 2. Suppose 0 = -3*u + 5*c - 0 + 13, c = 5*u - 29. Determine p(u).
14
Let m(n) = 0 + 4 + 2*n + 6 - 2. Let o be m(-7). Let f(d) = -d**2 - 5*d. Determine f(o).
-6
Let f(d) = -2*d**2 - 2*d + 6. Let r(x) = -x**2 - 2*x + 3. Let p(u) = -2*f(u) + 5*r(u). What is p(-4)?
11
Let r(k) = -4*k - 1. Suppose 3*y + q - 2 = 4, 15 = -5*q. Suppose 2 + y = 5*h. Suppose -1 = -2*v + h. What is r(v)?
-5
Let b(y) = -y + 2. Let k(a) = -a + 1. Let i(h) = -5*b(h) + 7*k(h). Suppose 5*f + 22 = -3*s + 4, 0 = 4*s - 3*f + 53. Let t = s - -8. Give i(t).
3
Suppose 0*n + 2*n - 5 = d, 25 = n - 5*d. Let a(y) = 2*y + 3*y + 1 - 4 + n*y. Determine a(2).
7
Let o(w) = w - 2. Let b be 1*(-5)/2*-2. Calculate o(b).
3
Let p(w) = -7*w**2 - 10*w - 9. Suppose 4*n + 0*n = -24. Let q(o) = -8*o**2 - 11*o - 10. Let d(x) = n*q(x) + 7*p(x). What is d(-2)?
1
Let m(o) be the first derivative of -3*o**2/2 - 4*o - 17. Suppose -20 = 3*a + 2*a. Let t = 0 + a. What is m(t)?
8
Let t(k) = 7*k - 71*k**2 - 3*k - 4 + 6 + 74*k**2. Determine t(-2).
6
Let a(z) = -z - 2. Suppose -3*n = -4*d - 1 - 0, 3 = -5*d + 2*n. What is a(d)?
-1
Let m(k) = 19*k**3 - 3*k - 3. Let d(q) = 10*q**3 - 2*q - 2. Let v(r) = -5*d(r) + 3*m(r). Let j(g) = g**3 - 8*g**2 + g - 9. Let n be j(8). Give v(n).
-7
Let l = -4 - -2. Let z be 0/(3/(-6)*l). Let i(m) = 2*m**2 + 4 + z*m - 4*m - m. Determine i(3).
7
Let v be 2/(-2) - (-1 + 0). Let c(k) = k**3 - k**2 - k - 10. What is c(v)?
-10
Let k(y) = y**2 - 11*y + 7. Let j be k(10). Let o(l) = 3*l - 3. Determine o(j).
-12
Let l(r) = -r**3 + 21*r**2 + 2*r - 45. Let n be l(21). Let f(j) = -j**3 + j - 2. What is f(n)?
22
Let c(h) = -3*h**3 + 11. Suppose -s + k = -0*s + 6, -42 = 4*s + 2*k. Let m(u) = -u**3 + 5. Let v(t) = s*m(t) + 4*c(t). Calculate v(-1).
2
Let z(s) = -3*s - 3*s + 0*s + 0*s. Calculate z(1).
-6
Let i(s) = -18 - 2*s + 24 + 4*s. Suppose 0 = 3*x + 3*q + 6, -26 + 4 = 2*x - 4*q. Determine i(x).
-4
Let d(x) = 12*x - 51. Let j(l) = 4*l - 17. Let h(r) = -4*d(r) + 11*j(r). Let a(z) = 3*z - 11. Let u(c) = 8*a(c) + 5*h(c). Give u(2).
5
Let a(s) be the first derivative of -s**4/4 + 5*s**3/3 - s**2 - 4*s + 1. Let o be a(4). Let i(z) = 2*z**3 + 4*z + 0*z**3 + 4 - 3*z**3 + 3*z**2. Calculate i(o).
4
Let t be 7/(-2 - (3 - 6)). Let o(k) = -k**3 + 7*k**2 + 2*k - 8. Calculate o(t).
6
Let z be 2/(4 + -2) - -2. Let b(s) = -2*s**3 + 10*s**2 - 6*s + 2. Let g be b(4). Let n(l) = -4*l**2 + 5*l**2 + l**2 + 1 + 2*l - g*l**z. Calculate n(-1).
11
Let m(f) = f - 2 - 4*f**3 + 7*f**2 - 7*f + 3*f**3 - f. Calculate m(6).
-8
Let t(v) = -v + v + 1 + 9*v + 2*v. What is t(1)?
12
Let q(u) = -u**3 + 11*u**2 - 3*u + 3. Let a(i) = -1 - 4*i + 5 + i**3 + 10*i**2 - 2*i**3. Let b(p) = 4*a(p) - 3*q(p). Give b(6).
1
Let p be (-42)/8 + (27/(-12))/(-9). Let n(c) = -c**2 - 6*c + 10. Let s be n(-7). Let f(i) = 2*i**3 - 7 - i**s - 3*i - i + 5*i**2. Calculate f(p).
13
Let o(b) = -b + 2. Let l(q) = 4*q - 10. Let x(v) = 3*l(v) + 14*o(v). Let k(s) = s**2 + 5*s - 2. Let g be -1*(4 + -1) - 2. Let n be k(g). What is x(n)?
2
Let a(m) = m - 6. Let z = -1 - -6. Give a(z).
-1
Let k(h) be the first derivative of -2*h**2 + 3*h - 31. Determine k(6).
-21
Let x(n) = n + 15. Let q be x(-15). Let k(c) be the second derivative of -1/6*c**4 - 1/2*c**2 + 2*c + 0 + q*c**3. What is k(1)?
-3
Let b be 14/((28/8)/7). Suppose -5*s = -b + 3. Let f(l) = -l**2 + 8*l - 4. Determine f(s).
11
Suppose